+ 7. Let w be (-16)/(-56) - (-148)/(-28). What is s(w)?
-8
Suppose -5*f - 4*l = 0, -2*f = -6*f + 4*l. Let s(x) = x**3 - x**2 + x + 3. Determine s(f).
3
Let x(k) = -k**2 + 4*k - 1. Let n = 4 - 0. Suppose -n*l + b = -25, 2*b = -4*l - 3*b - 5. What is x(l)?
-6
Let u(j) = -3*j + 7. Let p(f) = -2*f + 6. Let k(b) = 5*p(b) - 4*u(b). Suppose 5*i - 3*n = -10, -6*n + 3*n + 4 = -2*i. Calculate k(i).
-2
Let g(l) be the first derivative of l**6/120 - l**5/60 - l**4/12 + 2*l**3/3 + 5. Let j(v) be the third derivative of g(v). What is j(2)?
6
Let w(g) = -g + 4. Let p = -8 - -14. Suppose -y = -p*y - 35. Let r = y - -12. Determine w(r).
-1
Let o be ((-12)/2 - -7)*(-2)/(-2). Let v(w) = -2*w. Let b(n) = n - 1. Suppose -3*m + m + 8 = 0. Let x(u) = m*b(u) + o*v(u). Give x(3).
2
Let u(b) = -b - 6. Let z be u(0). Let l(d) = 5*d**2 + d + 1. Let t(f) = f**2. Let y(s) = z*t(s) + l(s). Calculate y(-1).
-1
Let a(c) = c**3 - 6*c**2 + 5*c. Let s be a(5). Let l(q) = -4 + 0 - q**2 + s - 6*q. Give l(-5).
1
Let v(f) = f**2 - 5*f - 4. Let o = 19 + -13. Calculate v(o).
2
Let w(v) = -3*v + 1. Let p be w(1). Let s(i) = -1 - 5 - 3*i + 1 + 4 - 3*i**2. What is s(p)?
-7
Let x(r) = -r - 8. Let u(o) = -o**3 - 7*o**2 + 1 + 2 + 0. Let d be u(-7). Suppose -3*g - 2*f = 6, g + 2*f = d*g - 6. Calculate x(g).
-8
Let s(u) = -u - 2. Suppose 2*o + 3 = -o. Calculate s(o).
-1
Let d(b) be the third derivative of b**6/120 - b**5/60 - 13*b**2. What is d(1)?
0
Let h be ((-6)/9)/((-1)/12). Suppose -h*s - 3*d + 5 = -4*s, -2*d - 6 = -2*s. Let i(n) be the first derivative of n**2 + n - 1. Determine i(s).
5
Let t(p) = -p**3 + 0*p**2 + 336*p + 5*p**2 - 338*p + 0*p**2 + 5. Let a = 16 - 9. Let u = 12 - a. Calculate t(u).
-5
Let r(k) be the first derivative of -2*k**3/3 - 3*k**2/2 + 4*k - 1. Let b be -2 - (-10)/(-14) - 4/14. Give r(b).
-5
Let u = 3 - 5. Let o be u/(-4) + 3/2. Suppose -5*f = 3*g - 23, -3*f = -4*g + o*g - 10. Let q(p) = p**3 - p**2 + 1. Calculate q(g).
1
Let h(w) = 5. Let m(n) = n - 1. Let r(f) = 3*f - 4. Let k(i) = -4*m(i) + r(i). Let a(x) = -h(x) - 2*k(x). Suppose -4*j + 3 + 13 = 0. Determine a(j).
3
Let m(r) = -r**3 + r**2 + 2*r - 1. Let u(l) = 3*l - 2. Let t be u(0). What is m(t)?
7
Suppose h = -0*h. Suppose h*d - 2*d = -8. Let u(r) = -r + r**2 - 3 - d*r - 3*r + 4*r. Give u(4).
-3
Let p(d) = d**2 + 5*d. Suppose -45 = 4*l + 5*x, 4*l - 2*x = -0*l - 10. Let v be p(l). Let w = v + 2. Let q(t) = -2*t**2 + 4*t - 2. What is q(w)?
-2
Let w(t) be the second derivative of t**7/2520 - t**5/60 - t**4/4 + 3*t. Let c(v) be the third derivative of w(v). What is c(-2)?
2
Let l(w) = -w**3 + 4*w**2 - 2*w + 4. Let t be 5/(-5) + (0 - 8). Let u be (-6)/t - (-4)/(-6). Suppose -i + 5*h + 8 + 10 = u, 0 = -5*i - h + 12. What is l(i)?
7
Let h(b) = -b**3 + 8*b**2 + 4*b - 3. Let u(n) = n**2 - 1. Let i(s) = -h(s) + 5*u(s). Give i(4).
-2
Let r(p) = -p**3 + 4*p**2 + 5*p - 4. Let a be 2 - 1 - (-22 - 1). Suppose w + w = -a. Let f = -7 - w. Determine r(f).
-4
Let l(h) = 14*h**2 - 5*h + 5. Let a(n) = -7*n**2 + 2*n - 2. Let z(i) = -5*a(i) - 2*l(i). Give z(1).
7
Let v be 5/1 + (5 - 6). Let j = 40 - v. Suppose 16 - j = -5*d. Let x(g) = -2*g + 3. What is x(d)?
-5
Let v(n) = n - 2. Let i be (0 + -9)*(-6)/(-18). What is v(i)?
-5
Let o(b) = -b + 3. Let x be o(2). Let m(h) be the second derivative of 0 + 0*h**2 + 3/10*h**5 + 2*h - 1/6*h**4 + 1/6*h**3. Determine m(x).
5
Let k = -8 + 4. Let h be (-21)/(-2) - (-6)/(-4). Let s(o) = -2 - 7*o + h*o + 3. Determine s(k).
-7
Let l(n) = -6*n**2 - n**3 - 3 + 0*n**3 + n**3 + n**3. What is l(6)?
-3
Let r be 0 + -1 + 6/1. Let n(u) = 7*u + 3. Let g(x) be the third derivative of -11*x**4/24 - 5*x**3/6 + 2*x**2. Let d(i) = r*g(i) + 8*n(i). Determine d(-5).
-6
Let f(h) = -h**2 - 3*h - 5. Let s = 10 - 14. Calculate f(s).
-9
Let o = 15 - 17. Let n(r) = -2*r - 3. Give n(o).
1
Let s(j) be the first derivative of -j**3/3 + 3*j**2 - 3*j + 31. Give s(5).
2
Let z(v) be the first derivative of -2*v**3/3 + v**2 - 3*v + 14. What is z(2)?
-7
Let v(k) = 2*k - 10. Let a be v(5). Suppose -3*z + 13 - 4 = a. Let t(h) be the first derivative of h**4/4 - 5*h**3/3 + 2*h**2 - 3*h + 1. Give t(z).
-9
Let i = -56 + 54. Let n(z) = 2*z + 2. Give n(i).
-2
Let v(b) = -3*b. Let z(t) = -80*t. Let c(d) = 55*v(d) - 2*z(d). Determine c(-2).
10
Let c(f) = 1 - 4*f + 8*f - 8*f. Determine c(3).
-11
Suppose -7 + 28 = 3*r + 4*s, -15 = -3*r - 2*s. Suppose -4*m + 1 = 5. Let b = r - m. Let y(l) = 2*l - 4. Calculate y(b).
4
Let s(k) be the third derivative of k**8/6720 + k**7/2520 + k**6/720 + 7*k**5/120 + k**4/6 + 4*k**2. Let x(a) be the second derivative of s(a). Give x(0).
7
Let u(z) = -13*z**2 - 39*z - 65. Let l(c) = 3*c**2 + 10*c + 16. Let f(v) = -9*l(v) - 2*u(v). What is f(-10)?
6
Suppose -2*f - 8 = -12. Let n = 6 + -4. Let k(j) = -j - n*j**3 - 2*j**3 + 5*j**3 - 1. Give k(f).
5
Suppose 4*k - 1 + 5 = 0. Suppose 14*s - 9*s = 0. Let n(u) = -8*u**2 - u + s*u - 8 + 8. Calculate n(k).
-7
Let m(w) be the second derivative of w**7/2520 + w**6/144 + w**5/15 + w**4/12 - w. Let s(u) be the third derivative of m(u). Give s(-6).
14
Suppose -2*w = -4*c + 8, 3*w + 11 = -0*c + 5*c. Let a(d) = -14*d - 18. Let u(b) = -6*b - 8. Let z(y) = 4*a(y) - 9*u(y). Determine z(c).
-2
Let t(a) be the third derivative of a**6/120 + 2*a**5/15 + a**4/4 + a**3/2 + 39*a**2. Calculate t(-7).
10
Suppose -2*a + 3*a = 2. Let n(h) = -6*h + 0*h + a*h + 3*h. Calculate n(0).
0
Let h(k) be the third derivative of k**6/360 - k**5/120 + k**4/8 + 2*k**3/3 - k**2. Let l(t) be the first derivative of h(t). What is l(3)?
9
Let z(k) be the second derivative of -k**4/12 - 7*k**3/6 + 5*k**2/2 - 14*k - 1. Give z(-8).
-3
Let q(b) = -b + 1. Let m(u) = -2*u + 2. Let p(t) = m(t) - 3*q(t). Determine p(-4).
-5
Let s(o) = -10*o**2 - 5*o + 16. Let n(x) = -7*x**2 - 3*x + 11. Let p(z) = -7*n(z) + 5*s(z). Let w be -4*(-5)/(-12)*3. Determine p(w).
-2
Let h(q) = 2*q**3 + 6*q**2 - 6*q + 1. Let d(m) = -m**3 - 5*m**2 + 5*m - 2. Let u(w) = 3*d(w) + 2*h(w). What is u(3)?
5
Let d be (-6 + 12)*(-1)/(-2). Let x(n) = -n**2 - d*n + 3*n - 11. What is x(0)?
-11
Let m(n) = 3 - 4*n - 3 + 7 - 4. Calculate m(2).
-5
Let s(q) = q**2 + 6*q + 3. Suppose 2*z - 2 = 3*a - 3, 4*z = 4*a. Suppose 2*y = 9 - a, -16 = p - 3*y. Calculate s(p).
-5
Let h(d) = -d**2 + 7*d - 3. Let f be h(6). Let x(a) = -2*a**2 + 2*a. Calculate x(f).
-12
Let i be 6 - 4/(-4 - -2). Let k = -4 - -6. Let x = i - k. Let n(s) = -s**2 + 8*s - 4. What is n(x)?
8
Let k(w) = -w + w - 3 + w**2 - 4*w - w. Let v be 1 + 9 + 2/(-1). Let a be (1/2)/(1/v). What is k(a)?
-7
Suppose 2 = -4*k + 6*k. Let l(w) = 5*w**2 - 1. Let c be l(k). Suppose -5*x = c*a - 22, 0*a - a - x = -5. Let t(u) = u**2 - 3*u + 4. Calculate t(a).
4
Let u(t) be the third derivative of t**7/2520 - t**6/120 + t**5/20 + 5*t**2. Let a(y) be the third derivative of u(y). Determine a(5).
4
Let q be (1080/50)/(1/5). Let d(a) = -1 - 108*a + q*a - a**2. What is d(-2)?
-5
Let d = -16 - -13. Let n(s) = -s**2 - s + 1. Determine n(d).
-5
Let v be 4/12*1 - 15/(-9). Let d(g) = -4*g + 3. Give d(v).
-5
Let a(q) = -17*q**2 + 6*q**2 - 2*q + 8*q**2 - q**3 - 2 + 9*q**2. Calculate a(6).
-14
Let j(l) = -l**3 - l**2. Let u be j(-1). Let q(n) = -n**3 + n**2 + n. Calculate q(u).
0
Let b be 14/3 - (5 - (-80)/(-15)). Let q(c) = c - 2. Calculate q(b).
3
Let j(o) = -1 + o**3 + 6*o**2 - 4 - 1 - 5*o. Give j(-7).
-20
Let i(y) = 5*y + 12. Let d(p) = -p. Let w(m) = 4*d(m) + i(m). Let z be w(-8). Let k(o) = 6*o - 3. Let a(u) = -7*u + 2. Let h(l) = 2*a(l) + 3*k(l). Give h(z).
11
Let x(l) = 3*l - 12. Let d(i) = 5*i - 23. Let w(t) = 4*d(t) - 7*x(t). Calculate w(-8).
0
Let y(h) = -h**2 + 7*h + 2. Let u be y(7). Let x(o) be the first derivative of -1/4*o**4 + 5/3*o**3 - 1 - 3/2*o**u - 4*o. Determine x(4).
0
Suppose 3*o + y = 3, -3*o + 4*y + 15 = y. Let r(k) = k**3 - 3*k**2 + 3*k - 1. What is r(o)?
1
Let r be 2/5 + (-66)/(-10). Suppose -2*p - 8 = -4*a + 2*a, -2*a + 4 = -p. Suppose 2*s - r + 1 = a. Let o(g) = -3*g + 3. Give o(s).
-6
Let l(a) = a**3 + 5*a**2 + 4*a - 1. Let h be (-6)/5*5/2. What is l(h)?
5
Let k(t) = 1 + 2*t - t - 4 - 3. Determine k(7).
1
Let p(w) be the first derivative of -w**2 + w + 6. Determine p(2).
-3
Let s be (-3 + 1 + 3)*2. Let x(v) = -v**2 - 3*v**2 + 5*v**2 + 2 + s*v + 1. Determine x(-2).
3
Let f(y) = 4*y - 3. Let